nder when 762 is divided by 18.
6
What is the remainder when 217 is divided by 72?
1
Calculate the remainder when 3482 is divided by 85.
82
Calculate the remainder when 155 is divided by 53.
49
What is the remainder when 170 is divided by 29?
25
What is the remainder when 115 is divided by 39?
37
What is the remainder when 196 is divided by 124?
72
What is the remainder when 16 is divided by 10?
6
Calculate the remainder when 362 is divided by 228.
134
What is the remainder when 26 is divided by 7?
5
What is the remainder when 4419 is divided by 26?
25
Calculate the remainder when 3045 is divided by 254.
251
Calculate the remainder when 58 is divided by 13.
6
Calculate the remainder when 355 is divided by 10.
5
What is the remainder when 2589 is divided by 8?
5
What is the remainder when 308 is divided by 26?
22
Calculate the remainder when 70 is divided by 42.
28
Calculate the remainder when 272 is divided by 251.
21
Calculate the remainder when 101 is divided by 29.
14
What is the remainder when 69 is divided by 4?
1
What is the remainder when 982 is divided by 960?
22
Calculate the remainder when 2109 is divided by 702.
3
What is the remainder when 109 is divided by 40?
29
Calculate the remainder when 777 is divided by 65.
62
Calculate the remainder when 89 is divided by 31.
27
What is the remainder when 266 is divided by 52?
6
What is the remainder when 267 is divided by 69?
60
What is the remainder when 4302 is divided by 287?
284
What is the remainder when 4118 is divided by 257?
6
Calculate the remainder when 1004 is divided by 233.
72
What is the remainder when 295 is divided by 16?
7
What is the remainder when 187 is divided by 80?
27
What is the remainder when 284 is divided by 14?
4
What is the remainder when 377 is divided by 14?
13
Calculate the remainder when 684 is divided by 67.
14
What is the remainder when 167 is divided by 25?
17
Calculate the remainder when 368 is divided by 60.
8
What is the remainder when 927 is divided by 17?
9
What is the remainder when 1791 is divided by 280?
111
Calculate the remainder when 1752 is divided by 79.
14
Calculate the remainder when 403 is divided by 101.
100
What is the remainder when 77 is divided by 3?
2
Calculate the remainder when 2428 is divided by 81.
79
Calculate the remainder when 45 is divided by 11.
1
What is the remainder when 1639 is divided by 73?
33
Calculate the remainder when 370 is divided by 11.
7
What is the remainder when 38 is divided by 23?
15
Calculate the remainder when 646 is divided by 212.
10
What is the remainder when 851 is divided by 407?
37
Calculate the remainder when 3442 is divided by 22.
10
What is the remainder when 62 is divided by 4?
2
Calculate the remainder when 3362 is divided by 1669.
24
What is the remainder when 522 is divided by 61?
34
Calculate the remainder when 66 is divided by 32.
2
Calculate the remainder when 25517 is divided by 22.
19
Calculate the remainder when 119 is divided by 6.
5
Calculate the remainder when 1237 is divided by 18.
13
What is the remainder when 125 is divided by 14?
13
What is the remainder when 365 is divided by 126?
113
What is the remainder when 3929 is divided by 91?
16
What is the remainder when 136 is divided by 36?
28
What is the remainder when 189 is divided by 18?
9
Calculate the remainder when 50 is divided by 26.
24
Calculate the remainder when 1469 is divided by 42.
41
What is the remainder when 2661 is divided by 89?
80
What is the remainder when 304 is divided by 98?
10
What is the remainder when 208 is divided by 69?
1
What is the remainder when 1269 is divided by 537?
195
What is the remainder when 308 is divided by 30?
8
Calculate the remainder when 1299 is divided by 99.
12
Calculate the remainder when 227 is divided by 46.
43
What is the remainder when 496 is divided by 19?
2
What is the remainder when 56 is divided by 33?
23
What is the remainder when 149 is divided by 23?
11
What is the remainder when 45 is divided by 41?
4
Calculate the remainder when 52 is divided by 26.
0
Calculate the remainder when 583 is divided by 45.
43
Calculate the remainder when 1725 is divided by 54.
51
What is the remainder when 31 is divided by 16?
15
Calculate the remainder when 83 is divided by 14.
13
Calculate the remainder when 61 is divided by 25.
11
Calculate the remainder when 22 is divided by 3.
1
What is the remainder when 34 is divided by 31?
3
Calculate the remainder when 4088 is divided by 89.
83
Calculate the remainder when 910 is divided by 8.
6
Calculate the remainder when 1258 is divided by 50.
8
Calculate the remainder when 849 is divided by 37.
35
Calculate the remainder when 17 is divided by 13.
4
Calculate the remainder when 4617 is divided by 55.
52
What is the remainder when 882 is divided by 243?
153
What is the remainder when 9060 is divided by 41?
40
Calculate the remainder when 365 is divided by 93.
86
Calculate the remainder when 80 is divided by 2.
0
What is the remainder when 694 is divided by 240?
214
What is the remainder when 287 is divided by 9?
8
Calculate the remainder when 3167 is divided by 44.
43
What is the remainder when 125 is divided by 45?
35
Calculate the remainder when 589 is divided by 22.
17
Calculate the remainder when 723 is divided by 23.
10
Calculate the remainder when 675 is divided by 36.
27
What is the remainder when 16155 is divided by 107?
105
Calculate the remainder when 604 is divided by 65.
19
Calculate the remainder when 71 is divided by 37.
34
What is the remainder when 845 is divided by 8?
5
What is the remainder when 2663 is divided by 37?
36
Calculate the remainder when 53487 is divided by 30.
27
What is the remainder when 625 is divided by 44?
9
Calculate the remainder when 95 is divided by 16.
15
What is the remainder when 91 is divided by 39?
13
Calculate the remainder when 26 is divided by 26.
0
What is the remainder when 138 is divided by 108?
30
Calculate the remainder when 336 is divided by 26.
24
What is the remainder when 490 is divided by 41?
39
What is the remainder when 225 is divided by 38?
35
Calculate the remainder when 398 is divided by 57.
56
Calculate the remainder when 2049 is divided by 206.
195
What is the remainder when 1359 is divided by 38?
29
What is the remainder when 125 is divided by 37?
14
Calculate the remainder when 4451 is divided by 81.
77
Calculate the remainder when 126 is divided by 43.
40
What is the remainder when 125 is divided by 21?
20
What is the remainder when 2577 is divided by 37?
24
What is the remainder when 727 is divided by 92?
83
What is the remainder when 18 is divided by 6?
0
Calculate the remainder when 231 is divided by 39.
36
Calculate the remainder when 227 is divided by 38.
37
What is the remainder when 529 is divided by 172?
13
Calculate the remainder when 546 is divided by 112.
98
Calculate the remainder when 1173 is divided by 14.
11
What is the remainder when 4605 is divided by 10?
5
What is the remainder when 64 is divided by 1?
0
What is the remainder when 3077 is divided by 343?
333
What is the remainder when 637 is divided by 237?
163
What is the remainder when 733 is divided by 23?
20
Calculate the remainder when 211 is divided by 198.
13
What is the remainder when 65 is divided by 16?
1
What is the remainder when 155 is divided by 48?
11
What is the remainder when 2172 is divided by 6?
0
Calculate the remainder when 754 is divided by 248.
10
Calculate the remainder when 94 is divided by 75.
19
Calculate the remainder when 41 is divided by 16.
9
Calculate the remainder when 244 is divided by 19.
16
What is the remainder when 99 is divided by 18?
9
What is the remainder when 1670 is divided by 106?
80
What is the remainder when 255 is divided by 91?
73
Calculate the remainder when 1057 is divided by 275.
232
Calculate the remainder when 1540 is divided by 173.
156
Calculate the remainder when 246 is divided by 8.
6
What is the remainder when 711 is divided by 51?
48
Calculate the remainder when 7918 is divided by 16.
14
Calculate the remainder when 133 is divided by 13.
3
Calculate the remainder when 2767 is divided by 28.
23
What is the remainder when 2996 is divided by 83?
8
What is the remainder when 1580 is divided by 381?
56
Calculate the remainder when 410 is divided by 68.
2
W